s the hundreds digit of 34472702?
7
What is the hundred thousands digit of 2389785025?
7
What is the ten thousands digit of 530820791?
2
What is the hundreds digit of 46557072?
0
What is the hundreds digit of 176677235?
2
What is the ten millions digit of 19423165?
1
What is the ten millions digit of 12996800?
1
What is the tens digit of 2728603592?
9
What is the millions digit of 5727178?
5
What is the tens digit of 3536621105?
0
What is the units digit of 98805281?
1
What is the units digit of 4178728614?
4
What is the hundred millions digit of 188403435?
1
What is the millions digit of 4394478?
4
What is the tens digit of 182554483?
8
What is the ten millions digit of 2289312162?
8
What is the ten thousands digit of 718765382?
6
What is the tens digit of 186516368?
6
What is the hundred thousands digit of 36864506?
8
What is the units digit of 53844004?
4
What is the ten thousands digit of 207958521?
5
What is the ten thousands digit of 46637632?
3
What is the hundred thousands digit of 1181855551?
8
What is the hundreds digit of 51077350?
3
What is the ten thousands digit of 173147128?
4
What is the millions digit of 13379505?
3
What is the hundred thousands digit of 52903520?
9
What is the ten millions digit of 39188475?
3
What is the ten thousands digit of 82359247?
5
What is the units digit of 2411669675?
5
What is the hundred thousands digit of 3479688526?
6
What is the ten thousands digit of 576256039?
5
What is the hundred millions digit of 3231903403?
2
What is the units digit of 7733963098?
8
What is the hundred thousands digit of 15492452?
4
What is the thousands digit of 40645005?
5
What is the thousands digit of 557600399?
0
What is the hundred millions digit of 574987204?
5
What is the millions digit of 140863439?
0
What is the hundred thousands digit of 169597226?
5
What is the hundred thousands digit of 966865567?
8
What is the units digit of 1077077297?
7
What is the ten millions digit of 31004459?
3
What is the hundred millions digit of 468119330?
4
What is the ten millions digit of 70972939?
7
What is the hundreds digit of 66066769?
7
What is the thousands digit of 3682864070?
4
What is the ten thousands digit of 45017119?
1
What is the hundreds digit of 191045790?
7
What is the millions digit of 35256684?
5
What is the ten thousands digit of 69997406?
9
What is the ten thousands digit of 178334552?
3
What is the ten millions digit of 55852209?
5
What is the ten thousands digit of 548436283?
3
What is the hundreds digit of 191587712?
7
What is the hundred millions digit of 1968285513?
9
What is the thousands digit of 340490827?
0
What is the hundred thousands digit of 59459922?
4
What is the thousands digit of 1238117118?
7
What is the thousands digit of 24900553?
0
What is the ten millions digit of 743398316?
4
What is the billions digit of 2911936664?
2
What is the tens digit of 14852155?
5
What is the ten thousands digit of 797422056?
2
What is the hundred thousands digit of 23859627?
8
What is the hundred thousands digit of 37300817?
3
What is the hundred thousands digit of 1695206179?
2
What is the thousands digit of 4100177133?
7
What is the hundred millions digit of 140248908?
1
What is the units digit of 255620536?
6
What is the hundreds digit of 1247573535?
5
What is the hundreds digit of 7908464?
4
What is the tens digit of 333658473?
7
What is the thousands digit of 90053595?
3
What is the ten thousands digit of 9939112?
3
What is the thousands digit of 46071009?
1
What is the millions digit of 24070295?
4
What is the ten millions digit of 128367893?
2
What is the units digit of 180697246?
6
What is the units digit of 4280538314?
4
What is the thousands digit of 341225725?
5
What is the ten thousands digit of 134986267?
8
What is the hundred millions digit of 166923027?
1
What is the hundreds digit of 391307169?
1
What is the thousands digit of 23676375?
6
What is the hundreds digit of 95137540?
5
What is the hundreds digit of 348866044?
0
What is the thousands digit of 22558494?
8
What is the ten thousands digit of 7598995535?
9
What is the ten thousands digit of 443431837?
3
What is the hundred thousands digit of 45174710?
1
What is the hundreds digit of 3981296824?
8
What is the hundreds digit of 83860468?
4
What is the ten millions digit of 646042478?
4
What is the ten thousands digit of 1066542539?
4
What is the tens digit of 1904508735?
3
What is the tens digit of 596365341?
4
What is the hundred thousands digit of 347513622?
5
What is the hundreds digit of 19506464?
4
What is the ten thousands digit of 816668084?
6
What is the ten thousands digit of 110951389?
5
What is the hundreds digit of 34640999?
9
What is the tens digit of 75838604?
0
What is the ten millions digit of 22587639?
2
What is the hundred millions digit of 172920424?
1
What is the tens digit of 945621286?
8
What is the ten thousands digit of 371615381?
1
What is the hundred thousands digit of 15197382?
1
What is the billions digit of 3117747077?
3
What is the hundreds digit of 344909531?
5
What is the ten millions digit of 29230914?
2
What is the millions digit of 39885224?
9
What is the thousands digit of 729752993?
2
What is the billions digit of 5849455189?
5
What is the tens digit of 2087366946?
4
What is the hundred thousands digit of 1198963403?
9
What is the millions digit of 1045053660?
5
What is the millions digit of 714066683?
4
What is the hundred thousands digit of 1582822962?
8
What is the hundred millions digit of 926358537?
9
What is the millions digit of 76973190?
6
What is the hundreds digit of 1184646326?
3
What is the hundred millions digit of 2195593206?
1
What is the tens digit of 407918545?
4
What is the ten thousands digit of 60253077?
5
What is the units digit of 207594668?
8
What is the billions digit of 2256975259?
2
What is the hundred thousands digit of 51664301?
6
What is the ten millions digit of 5071223517?
7
What is the ten thousands digit of 90614315?
1
What is the units digit of 538499557?
7
What is the thousands digit of 782038893?
8
What is the millions digit of 31460663?
1
What is the hundred thousands digit of 5575812?
5
What is the ten millions digit of 8334162030?
3
What is the hundred millions digit of 710354488?
7
What is the tens digit of 50737099?
9
What is the thousands digit of 59908005?
8
What is the hundred millions digit of 119286104?
1
What is the hundreds digit of 362111671?
6
What is the units digit of 43256755?
5
What is the ten millions digit of 384729691?
8
What is the ten thousands digit of 285584055?
8
What is the hundred millions digit of 308089319?
3
What is the units digit of 67876811?
1
What is the hundred millions digit of 1148132553?
1
What is the millions digit of 120456439?
0
What is the tens digit of 79236074?
7
What is the tens digit of 156344973?
7
What is the thousands digit of 182138693?
8
What is the hundreds digit of 2001997030?
0
What is the thousands digit of 1630880296?
0
What is the hundred thousands digit of 2214901322?
9
What is the hundred millions digit of 871486958?
8
What is the hundreds digit of 19398204?
2
What is the tens digit of 428716172?
7
What is the millions digit of 1244745795?
4
What is the ten millions digit of 471701039?
7
What is the hundreds digit of 26755098?
0
What is the hundred thousands digit of 94485545?
4
What is the hundreds digit of 1134457896?
8
What is the hundred thousands digit of 466666178?
6
What is the ten thousands digit of 1340546233?
4
What is the ten millions digit of 48276783?
4
What is the units digit of 666105723?
3
What is the units digit of 41951292?
2
What is the units digit of 83656437?
7
What is the millions digit of 15916175?
5
What is the hundreds digit of 21927667?
6
What is the hundred millions digit of 496710305?
4
What is the units digit of 64135104?
4
What is the units digit of 130575518?
8
What is the units digit of 5178799?
9
What is the millions digit of 1758515795?
8
What is the tens digit of 1513245421?
2
What is the units digit of 225686808?
8
What is the tens digit of 491763838?
3
What is the hundred thousands digit of 584645708?
6
What is the units digit of 11593520?
0
What is the thousands digit of 10972612?
2
What is the ten millions digit of 53299785?
5
What is the units digit of 103272600?
0
